t is the remainder when 8220 is divided by 821?
10
Calculate the remainder when 37930 is divided by 12421.
667
Calculate the remainder when 18353 is divided by 17.
10
Calculate the remainder when 214326 is divided by 752.
6
Calculate the remainder when 31913 is divided by 491.
489
What is the remainder when 10402 is divided by 86?
82
What is the remainder when 918889 is divided by 22?
15
What is the remainder when 8591 is divided by 795?
641
What is the remainder when 14795 is divided by 50?
45
Calculate the remainder when 251073 is divided by 14.
11
What is the remainder when 2343777 is divided by 348?
345
What is the remainder when 20070 is divided by 28?
22
Calculate the remainder when 140390 is divided by 14.
12
What is the remainder when 530 is divided by 5?
0
Calculate the remainder when 51066 is divided by 21.
15
Calculate the remainder when 282300 is divided by 1289.
9
What is the remainder when 25009 is divided by 139?
128
Calculate the remainder when 153226 is divided by 248.
210
What is the remainder when 416170 is divided by 136?
10
Calculate the remainder when 3168 is divided by 292.
248
Calculate the remainder when 54907 is divided by 208.
203
What is the remainder when 1211 is divided by 225?
86
What is the remainder when 26213 is divided by 90?
23
What is the remainder when 39228 is divided by 10?
8
Calculate the remainder when 2116 is divided by 1608.
508
Calculate the remainder when 5533 is divided by 27.
25
Calculate the remainder when 9378 is divided by 72.
18
What is the remainder when 819 is divided by 270?
9
Calculate the remainder when 165085 is divided by 55027.
4
What is the remainder when 2826798 is divided by 20?
18
What is the remainder when 24746 is divided by 1759?
120
What is the remainder when 12939 is divided by 50?
39
What is the remainder when 3167262 is divided by 11?
10
Calculate the remainder when 362 is divided by 44.
10
What is the remainder when 1389 is divided by 412?
153
Calculate the remainder when 61995 is divided by 18.
3
Calculate the remainder when 3975 is divided by 3882.
93
Calculate the remainder when 7045 is divided by 76.
53
What is the remainder when 282477 is divided by 22?
19
Calculate the remainder when 6175 is divided by 627.
532
Calculate the remainder when 756 is divided by 82.
18
What is the remainder when 3376 is divided by 47?
39
What is the remainder when 27807 is divided by 576?
159
What is the remainder when 4238 is divided by 5?
3
Calculate the remainder when 44850 is divided by 85.
55
What is the remainder when 1061 is divided by 563?
498
What is the remainder when 54294 is divided by 10857?
9
Calculate the remainder when 11418 is divided by 16.
10
Calculate the remainder when 751 is divided by 56.
23
What is the remainder when 8644 is divided by 4318?
8
What is the remainder when 8788 is divided by 238?
220
What is the remainder when 6345 is divided by 14?
3
Calculate the remainder when 4237 is divided by 337.
193
What is the remainder when 11613 is divided by 11564?
49
Calculate the remainder when 1650461 is divided by 1122.
1121
Calculate the remainder when 84300 is divided by 84284.
16
What is the remainder when 550404 is divided by 105?
99
What is the remainder when 11782 is divided by 128?
6
Calculate the remainder when 1437 is divided by 12.
9
What is the remainder when 164298 is divided by 27383?
0
What is the remainder when 8728 is divided by 2174?
32
What is the remainder when 372557 is divided by 186?
185
What is the remainder when 19508 is divided by 53?
4
What is the remainder when 93877 is divided by 31278?
43
What is the remainder when 21924 is divided by 92?
28
What is the remainder when 110417 is divided by 110326?
91
What is the remainder when 21944 is divided by 133?
132
Calculate the remainder when 350557 is divided by 116846.
19
Calculate the remainder when 28687 is divided by 2049.
1
Calculate the remainder when 13118 is divided by 819.
14
What is the remainder when 9238 is divided by 20?
18
Calculate the remainder when 15468 is divided by 7.
5
What is the remainder when 9538 is divided by 38?
0
Calculate the remainder when 315 is divided by 65.
55
What is the remainder when 248101 is divided by 357?
343
What is the remainder when 168620 is divided by 28101?
14
What is the remainder when 31226 is divided by 73?
55
Calculate the remainder when 312021 is divided by 43.
13
Calculate the remainder when 3856 is divided by 147.
34
Calculate the remainder when 3443 is divided by 57.
23
Calculate the remainder when 83345 is divided by 46.
39
Calculate the remainder when 2822 is divided by 197.
64
What is the remainder when 731146 is divided by 3165?
31
What is the remainder when 7042 is divided by 1282?
632
Calculate the remainder when 5253 is divided by 294.
255
Calculate the remainder when 17874 is divided by 17854.
20
Calculate the remainder when 61389 is divided by 14.
13
What is the remainder when 266881 is divided by 266868?
13
What is the remainder when 681450 is divided by 1269?
1266
Calculate the remainder when 409866 is divided by 120.
66
Calculate the remainder when 96284 is divided by 177.
173
Calculate the remainder when 67630 is divided by 14.
10
Calculate the remainder when 9386 is divided by 3079.
149
Calculate the remainder when 4456 is divided by 1102.
48
Calculate the remainder when 35654 is divided by 42.
38
What is the remainder when 548 is divided by 62?
52
Calculate the remainder when 42181 is divided by 212.
205
Calculate the remainder when 192117 is divided by 15.
12
What is the remainder when 72910 is divided by 48?
46
What is the remainder when 959 is divided by 164?
139
Calculate the remainder when 57018 is divided by 57014.
4
Calculate the remainder when 62274 is divided by 20750.
24
Calculate the remainder when 1411 is divided by 1395.
16
Calculate the remainder when 324110 is divided by 376.
374
Calculate the remainder when 20365 is divided by 61.
52
Calculate the remainder when 11680 is divided by 146.
0
Calculate the remainder when 528 is divided by 308.
220
Calculate the remainder when 666659 is divided by 527.
4
Calculate the remainder when 6709 is divided by 6702.
7
Calculate the remainder when 12032 is divided by 376.
0
Calculate the remainder when 318 is divided by 156.
6
Calculate the remainder when 3906244 is divided by 233.
232
Calculate the remainder when 16235 is divided by 235.
20
What is the remainder when 637171 is divided by 478?
475
Calculate the remainder when 35008 is divided by 51.
22
What is the remainder when 29169 is divided by 9720?
9
What is the remainder when 6562919 is divided by 273?
272
Calculate the remainder when 4243212 is divided by 41.
40
What is the remainder when 36078 is divided by 16?
14
What is the remainder when 2179 is divided by 95?
89
Calculate the remainder when 242 is divided by 149.
93
Calculate the remainder when 816 is divided by 267.
15
Calculate the remainder when 933 is divided by 514.
419
Calculate the remainder when 36978 is divided by 47.
36
Calculate the remainder when 1935 is divided by 525.
360
Calculate the remainder when 127171 is divided by 12717.
1
What is the remainder when 126490 is divided by 23?
13
What is the remainder when 4390 is divided by 1325?
415
Calculate the remainder when 18972 is divided by 188.
172
What is the remainder when 3274 is divided by 684?
538
What is the remainder when 77478 is divided by 22?
16
Calculate the remainder when 589265 is divided by 716.
713
Calculate the remainder when 62673 is divided by 146.
39
What is the remainder when 126566 is divided by 4515?
146
What is the remainder when 47370 is divided by 3383?
8
What is the remainder when 13657 is divided by 279?
265
Calculate the remainder when 10045 is divided by 152.
13
Calculate the remainder when 12248 is divided by 213.
107
Calculate the remainder when 1135740 is divided by 21.
18
What is the remainder when 722 is divided by 144?
2
Calculate the remainder when 570471 is divided by 668.
667
Calculate the remainder when 24159 is divided by 248.
103
Calculate the remainder when 9458 is divided by 35.
8
Calculate the remainder when 1393 is divided by 94.
77
Calculate the remainder when 54472 is divided by 18087.
211
Calculate the remainder when 15038 is divided by 7357.
324
Calcula